(r) = -r**3 - 10*r**2 - 13*r - 6. Let a be 3/6*(-2 - 16). Is j(a) a multiple of 6?
True
Suppose 0 = 3*m - 5 - 10. Let j(y) = y**3 - 6*y**2 + 5*y + 4. Does 4 divide j(m)?
True
Suppose v = -1 + 4. Let h be (-8 - 0)*10/(-4). Is 10 a factor of v/((-6)/h)*-1?
True
Suppose -4*u - 40 = -4*m, 0 = 3*m - u + 3*u - 10. Suppose 2*p + 12 = m*p. Is p a multiple of 3?
True
Let q(k) = k**3 - k**2 + k + 9. Let d be ((4 + -4)/1)/3. Is 9 a factor of q(d)?
True
Let i = -1 - -11. Is 10 a factor of i?
True
Suppose -3*l - l + q = -55, 5*q - 47 = -3*l. Let c(d) = -d**3 + d**2 - d + 228. Let r be c(0). Does 16 divide r/l - 6/21?
True
Let d be (2 + 16/(-6))*-3. Suppose -31 = -d*a + k + 34, 115 = 4*a - 5*k. Suppose -a + 105 = 2*f. Is 20 a factor of f?
False
Let x(s) = -s**2 + 9*s - 1. Let l be x(10). Let t(f) = f**2 + 7*f - 12. Does 9 divide t(l)?
False
Let f(x) = 6*x**3 + 2*x**2 - 7*x + 1. Let o(j) = 5*j**3 + 2*j**2 - 8*j + 1. Let w(d) = 6*f(d) - 5*o(d). Let i be w(1). Let r = 22 - i. Is 5 a factor of r?
True
Let w be -2 - (-3 + 4 - 77). Let t be (-1)/3 - w/(-6). Let o = 32 - t. Is 10 a factor of o?
True
Suppose 6*o - 73 = 5. Does 13 divide o?
True
Suppose -m = 2*m. Suppose 4*r - 41 = -r - 3*x, -r - 3*x + 13 = m. Is 3 a factor of r?
False
Let a = -65 + 110. Does 6 divide a?
False
Is 6 a factor of (-1)/(2/(-6))*(13 - 1)?
True
Let b = 16 - -29. Let z = 139 - b. Is 17 a factor of z?
False
Let u(c) = -c**3 + 4*c**2 + c - 1. Let g be u(4). Suppose -g = -v + 13. Is 8 a factor of v?
True
Suppose -8*y + 225 = -3*y. Does 15 divide y?
True
Let m be 6/33 + 62/22. Suppose m*z - 5*z + 20 = 0. Does 4 divide z?
False
Suppose -32 + 5 = -5*h + 4*m, -2*h - 9 = 5*m. Let j(s) = 8*s**2 - 4*s - 1. Is j(h) a multiple of 12?
False
Suppose 4*d - 105 = 55. Is 22 a factor of d?
False
Let w = 44 + -27. Does 6 divide w?
False
Let l = 21 - -49. Is 14 a factor of l?
True
Suppose -4*w = -2*n - 3*n - 127, -4*n + 70 = 2*w. Suppose -t - 155 = -3*d, -d + t + 4*t = -w. Is 15 a factor of d?
False
Let k = 6 - 4. Suppose a = -a + k. Suppose -h + a + 2 = 0. Is h a multiple of 2?
False
Let b(d) = d**3 - 10*d**2 - 15*d - 2. Let j be b(11). Let a = -16 - j. Is a a multiple of 20?
False
Suppose -4 = -4*v, -5*g + v + 115 = -g. Is 29 a factor of g?
True
Let z be 0 - 1 - (-24)/6. Suppose 18 - 243 = -z*x. Is x a multiple of 35?
False
Let v(f) = 2*f**3 - 4*f**2 - 2*f + 4. Suppose -g - 3 = -2*g. Is v(g) a multiple of 5?
False
Let q = -11 - -4. Suppose n - 3*f = -247, -n - 74 = 5*f + 213. Does 18 divide n/(-14) + (-2)/q?
False
Let x = 7 - 7. Suppose x*m - 3*m + v = -59, -5*v + 29 = 3*m. Does 5 divide m?
False
Let x be ((-8)/3)/((-2)/3). Suppose k = -k + x. Is (10 + -1)*(k - 1) a multiple of 6?
False
Let v(m) be the first derivative of m**4/4 - 14*m**3/3 + m**2/2 + 6. Is v(14) a multiple of 4?
False
Let g(n) = -13*n + 21. Does 11 divide g(-6)?
True
Let r = -4 + 4. Suppose g + 3*q - 49 = r, 3*q + 128 + 117 = 5*g. Is 21 a factor of g?
False
Let d = -2 - 0. Let q = 13 + d. Is q a multiple of 11?
True
Let r(m) = m**2 + 5*m + 5. Is r(5) a multiple of 12?
False
Let g be (-4 - -3)/(3/(-72)). Suppose 0 = -3*n - 6*s + 3*s + g, -3*s = -12. Suppose -n = -b + 4. Does 5 divide b?
False
Let y(k) = 16*k**2 + 3*k + 1. Let i be y(-4). Suppose -10*a + 5*a = -i. Is a a multiple of 13?
False
Let m be (64/(-20))/(1/5). Let d = m + 28. Does 12 divide d?
True
Is 2 + 98/(2 - 0) + -1 a multiple of 5?
True
Suppose -j + s = j - 126, 5*j = -s + 322. Does 8 divide j?
True
Suppose 0 = -5*v - 77 + 32. Does 3 divide 0*3/v + 7?
False
Let x(d) = 2*d**2 - 2*d - 4. Let k be x(-3). Let h be 242/10 + (-4)/k. Let i = h + 17. Is 15 a factor of i?
False
Suppose 12 = l - 3*l - h, -30 = 5*l - 5*h. Let t(j) = -j - 2. Let q be t(l). Suppose -4*p = -m - p + 50, q*m = -5*p + 115. Is 13 a factor of m?
False
Let c(y) = y**2 - 3*y. Let k be c(3). Suppose k = 6*n - 3*n - 81. Is n a multiple of 14?
False
Let v be 584/(-4) + 1 + 1. Let u be (3/(-6))/(2/v). Let f = u - 16. Is f a multiple of 20?
True
Let w(l) = -l**2 + 7*l + 2. Is w(5) a multiple of 12?
True
Suppose 20 = w + 4*w. Suppose -w*p - p + 99 = q, -p + q = -21. Is 14 a factor of p?
False
Let t = 464 + -308. Suppose -4*z - 48 = -t. Is z a multiple of 19?
False
Let p(r) = -3 - 2*r + 4 + r**2 + 2 + 3. Is p(5) a multiple of 6?
False
Suppose 0 = 2*g + 5*d - 60, 4*g - 14 = 5*d + 46. Let z = g + 0. Is 12 a factor of z?
False
Suppose 3*w = 4*y - 3*y - 77, 2*y - w - 164 = 0. Is y a multiple of 16?
False
Let a = 210 - 109. Is 20 a factor of a?
False
Let s be 23/3 + 2/(-3). Let k(i) = -4*i + 10. Let p be k(s). Let w = -11 - p. Does 4 divide w?
False
Let v(g) = -g**3 + 8*g**2 - 10*g + 9. Let a be 24/32 + 42/8. Does 16 divide v(a)?
False
Let j(d) = d**3 + 10*d - 10*d**2 + 2*d - 1 - d**2 + 3. Does 12 divide j(10)?
False
Is 19 a factor of (-1)/1*-93 + 2?
True
Suppose -w + 0 = -2*p + 3, 0 = -2*p + 8. Let s = -5 + w. Does 5 divide -2*(s - 5 - -1)?
False
Suppose -4*x = -8, 3*r + 5*x = 120 - 47. Is r a multiple of 7?
True
Let a = 10 + -5. Suppose r = a*t - 3*r - 107, 3*t + 2*r = 51. Is 19 a factor of t?
True
Suppose 63 = -y + 4*y. Is y a multiple of 11?
False
Let u = -34 - -67. Is 14 a factor of u?
False
Let m = 18 + -30. Does 22 divide (m/14)/(3/(-168))?
False
Let u(f) = -f**3 + 8*f**2 + 9*f + 4. Let g be u(9). Let l(y) = 11*y - 4. Does 20 divide l(g)?
True
Does 18 divide -6 + 0 + 5 + (0 - -365)?
False
Suppose 2*m = -0*m - 5*b + 1, -2*m = 2*b - 4. Suppose 2*l - 25 = m. Is 6 a factor of l?
False
Let o(t) be the first derivative of 2*t**3/3 + 5*t**2 - 10*t - 9. Let f = 4 + -12. Is 13 a factor of o(f)?
False
Suppose f + 22 = 24. Suppose 4*v = 20, -f*t - 4*v + 85 = -v. Does 15 divide t?
False
Let q = -3 + 6. Suppose q*z - 12 = 4*z - 4*p, -2*p - 8 = 3*z. Does 9 divide 11 - 3/6*z?
False
Is 20/(4/6*(-17)/(-51)) a multiple of 6?
True
Let l = 361 + -165. Is l a multiple of 52?
False
Suppose -a + 120 = 2*a. Does 19 divide a?
False
Suppose o + 264 = 9*o. Is o a multiple of 11?
True
Let w = -119 - -171. Is 26 a factor of w?
True
Let b(c) = c**3 - 9*c**2 + 7. Let o be b(9). Let s(f) = 2*f - 8. Is s(o) even?
True
Let j = -202 + 343. Is 12 a factor of j?
False
Suppose -34*r - 600 = -37*r. Is r a multiple of 25?
True
Let w(s) = 14*s**2. Suppose -l + 22 = -5*i - 4, -10 = 2*i. Is 14 a factor of w(l)?
True
Let m = 6 + -4. Let b(w) = -w**3 + 4*w**2 - 2*w - 2. Let s be b(-3). Suppose 0 = -x - 2*x - c + s, 0 = m*x + c - 43. Is 10 a factor of x?
False
Let u = -3 + 4. Let d(h) = -3*h + 3 - u - 5. Does 7 divide d(-5)?
False
Let z be -1*(-5 - -2)*1. Suppose -5*l + 3*j = -l - 222, -l - z*j = -63. Is 18 a factor of l?
False
Let v be 8*(-1 + (-3)/(-2)). Suppose 4*u + 6 = -2*l + v*l, 4*u = l + 3. Is 7 a factor of l?
False
Let t = -12 - -71. Is 7 a factor of t?
False
Let t = -38 + 14. Is (t/20)/(6/(-40)) a multiple of 4?
True
Suppose -2*g + 8*p - 8 = 4*p, 0 = -3*g - 5*p + 10. Is 1 + g/3 - -59 a multiple of 20?
True
Suppose 2*k + 2*r - 6 = 0, 0*k - 5*r + 15 = -k. Let l be 52 + 2/(k - -2). Let b = 75 - l. Does 10 divide b?
False
Let k(d) = 39*d**2 + d + 1. Is 5 a factor of k(-1)?
False
Suppose -41 = -3*h - 2. Is h a multiple of 5?
False
Let a(l) = -l - 2. Let m be a(-9). Suppose 2 - m = 5*b. Is 7 a factor of -2 + -1 + b + 12?
False
Suppose 8 = -6*q + 7*q. Is q a multiple of 4?
True
Let a(k) = k**2 + 11*k - 7. Let u be a(-12). Suppose -n + u = -12. Suppose -21 = -o - 4*b, o - 3*b - n = -6*b. Is o a multiple of 3?
False
Let f(w) = -6 - 3*w + 2*w - 2*w. Let o = -11 - -7. Does 3 divide f(o)?
True
Let u = -2 + 2. Suppose u*n = -5*i + 3*n - 27, 5*i + n = -11. Let a = i - -8. Does 2 divide a?
False
Let q = 239 - 100. Let x = 1 + 1. Suppose -5*v - x*g + 131 = 0, 5*v + 0*g = 2*g + q. Is v a multiple of 11?
False
Suppose 0 = -0*b + 2*b - 98. Is 10 a factor of b?
False
Suppose 0 = 8*c - c. Let b = 46 + c. Does 8 divide b?
False
Suppose -9*r + 15*r = 540. Does 10 divide r?
True
Suppose -184 + 898 = 3*w. Does 5 divide w/12 - (-1)/6?
True
Suppose -3*j - 16 = -7*j. Let f = -3 + j. Let z(g) = 10*g**3 + 2*g**2 - 2*g + 1. Does 11 divide z(f)?
True
Let c = 44 - 84. Let x = 73 + c. Is 16 a factor of x?
False
Let h = -9 + 11. Suppose -h*u = -4*u + 88. Is 11 a factor of u?
True
Let r(l) = 2*l**3 - l**2 - 5*l + 8. Is r(4) a multiple of 11?
False
Let o(x) = x**2 + 12*x + 9. Let z(c) 